Let o be ((-16)/(-10))/((-14)/(-245)). Suppose 126 = 14*p + o. Suppose 2*g - 1431 = -p*g. What is the tens digit of g?
5
Suppose 3*f = 6*f, -3*v - 8*f + 86034 = -6*f. What is the thousands digit of v?
8
Let x = -21 + 48. Let v be ((-156)/30 + 8)/((-2)/(-5)). Suppose -v - x = -u. What is the units digit of u?
4
Suppose -r = -3*m - 22518, -3*r = -8*r + m + 112632. Suppose 40*a = r + 13113. What is the hundreds digit of a?
8
Suppose -29*y = -10*y + 19874. Let v = y - -1991. What is the hundreds digit of v?
9
Suppose 0 = -b - 71 - 110. Let a = b + 730. What is the units digit of a?
9
Suppose 0 = -5*t + 4*u + 205487, -2*t - 12728 = 4*u - 94934. What is the units digit of t?
9
Let l(o) = 71*o**2 + 70*o + 193. What is the units digit of l(-6)?
9
Let o = -151 - -155. Suppose -4*m + 2*r = r - 1204, 3*m = o*r + 916. What is the tens digit of m?
0
Suppose 0 = w + 4*j - 2*j - 35908, -5*w + 179585 = j. What is the tens digit of w?
1
Suppose -4760832 = -177*a - 138300. What is the ten thousands digit of a?
2
Let p = -100 - -100. Let g(y) = -8*y + 9. Let i be g(3). What is the units digit of 1 - 5 - p - (i - 181)?
2
Suppose 0 = -10*p - 6 - 4. What is the units digit of (-4392)/(-15) + (-3)/15*p?
3
Let q = -295 + 302. Suppose q*k - 624 = -j + 9*k, 4*j + 3*k = 2518. What is the units digit of j?
8
Let x = 143 + -138. What is the hundreds digit of -1*1*x/(60/(-4128))?
3
Let t(q) = 10*q - 38. Let g be t(4). Suppose -z - g*z = -2604. What is the hundreds digit of z?
8
Suppose 4*d - 4412 = -4*q - d, -2*d + 4400 = 4*q. Suppose -5*j = 4*w - 1467, 3*j + 0*j = -3*w + q. What is the tens digit of w?
6
Let u(s) = 2*s**2 - 2*s**2 + s**2 - 7 + 0*s**2. Let w be u(-3). Suppose 0 = -5*m + 2*c + 583, -5*m - 2*c - w*c + 559 = 0. What is the units digit of m?
5
Let g = 185 - 95. Suppose -4*v = -g - 6. What is the tens digit of v?
2
Let p be (-13304)/(-24) - (-2)/3. Let k = -372 - -57. Let v = k + p. What is the hundreds digit of v?
2
Suppose -2*w + d + 20 = 6, 5*d - 38 = -2*w. Suppose -n = 2*h + 11 - 1, 0 = -3*h + w. Let y = n + 36. What is the units digit of y?
0
Let v(u) = -2*u**2 + 4*u - 107. Let q(g) = -3*g**2 + 7*g - 160. Let n(j) = -5*q(j) + 7*v(j). What is the tens digit of n(9)?
6
Let v = 211 - 93. Suppose 0 = -3*i + 3*d + 696, -5*d = -0*i + 2*i - 499. Let u = i - v. What is the units digit of u?
9
Let h = -12630 + 18757. What is the units digit of h?
7
Suppose 0 = -4*w + 20, 4*j - 2*w = 2*w + 376. Let x = j - 96. What is the units digit of (-1)/x + 530/6?
8
Let a(k) = 253*k**3 + 171*k - 482. What is the tens digit of a(3)?
6
Let k = 40553 + -21689. What is the tens digit of k?
6
Let q(l) = 3*l**3 - l**2 + 15*l - 38. Let m be q(9). Suppose 3*p + m = 2*r + 274, -5*r + 4809 = -3*p. What is the units digit of r?
0
Let o(f) = 1127*f - 4226. What is the units digit of o(9)?
7
Suppose 0 = 4*g - 99*g + 2157735. What is the thousands digit of g?
2
Suppose -v = -5*v - 12. Let c be 20/(-2)*(v - -2). What is the units digit of (-1107)/(-45) + (-6)/c?
4
What is the ten thousands digit of ((-365)/(-30) - 12)/((-1)/(-4))*29103?
1
Let y = 57 + -54. Suppose 0 = -k + r + 36 + 89, 4*r = y*k - 378. What is the hundreds digit of k*(-6)/4*(-4)/6?
1
What is the ten thousands digit of (1*10389)/((6 + -8)/(-6))?
3
Suppose -11*n + 40 = -4. Suppose -2*p + 128 = 3*x - 68, n*x - 2*p = 266. What is the units digit of x?
6
Let n = -265 - -662. Suppose n = l - 161. What is the hundreds digit of l?
5
Let p be 17/((-51)/(-630)) + -4. Suppose 2*i = 1582 - p. What is the units digit of i?
8
Let o(p) = -45*p**3 + 10*p**2 - 11*p + 22. What is the units digit of o(-8)?
0
Suppose 0 + 20 = 5*w. Let t be -1*1*(1 - 8/w). What is the hundreds digit of 5 - (-253 - t) - 5?
2
Let q(c) = 7*c**2 + 33*c + 8. Let j = 2 + 4. Let z(r) = 3*r**2 + 16*r + 4. Let t(f) = j*q(f) - 13*z(f). What is the tens digit of t(5)?
2
Let a(f) = 99 - 36*f + 2*f**2 + 15*f + 19*f. Let w be a(0). Suppose 5*u = 5*t + 160, -4*t = -8*u + 5*u + w. What is the tens digit of u?
2
Suppose -3*w + 18 = -5*m - 10, 5*w = -m. What is the tens digit of (-57942)/(-58) - w/1?
9
Suppose 156655 + 133323 = 13*x. What is the hundreds digit of x?
3
Let r(o) = o**2 + 15*o + 5. Let t be r(-13). Let n = t - -25. Suppose -n*x - s + 660 = 0, -5*x + 4*s = -1214 + 368. What is the tens digit of x?
6
Let r = -52 - -105. Let j = 100 + r. Let h = 227 - j. What is the units digit of h?
4
Suppose 2*o + 7*o + 2*o = 0. Suppose o - 4 = 4*x, -4*y - 3*x = -357. Let r = -71 + y. What is the tens digit of r?
1
Let r = 2327 - 928. Suppose 13*n - r = 4100. What is the units digit of n?
3
Suppose 106 = -10*u + 12*u. Suppose -v + b = -51, 0*v - b + 209 = 4*v. Suppose -u*i + 106 = -v*i. What is the tens digit of i?
0
Let u(y) = -5*y**3 + 27*y**2 - 10*y + 135. What is the hundreds digit of u(-15)?
2
Let d = -4976 - -6692. What is the thousands digit of d?
1
What is the units digit of (-1313404)/(-707) + 2/7?
8
Let v(l) = -l**3 - l**2 + l + 1. Let g(t) = -6*t**3 - 13*t**2 - 3*t + 57. Let s(m) = -g(m) + 5*v(m). What is the tens digit of s(6)?
0
Suppose 36*t - 939 - 249 = 0. Let h(o) = o**2 - o + 3. Let p be h(0). Suppose 0 = -p*g + 60 + t. What is the units digit of g?
1
Suppose 4*f - p - 84055 = 0, 48229 - 153294 = -5*f + 5*p. What is the tens digit of f?
1
Let l be (0 + (-8)/(-2) + -4)/(-3). Suppose -12 = 4*r, -4*r = 2*d - 57 - 247. Suppose -j + l*j = -d. What is the hundreds digit of j?
1
Let l(c) = 255*c - 309. Let v(j) = 73*j - 89. Let r(k) = 5*l(k) - 18*v(k). What is the tens digit of r(-17)?
2
Let t = 7 - 14. Let j(y) = 22*y**2 + 8*y - 21. What is the thousands digit of j(t)?
1
Let n(d) = 13*d**2 + d + 1. Suppose 4*q = -4, 5*a - 2*a = -2*q - 5. Let p be n(a). Suppose 0*l + 702 = p*l. What is the units digit of l?
4
Let z = -224 + 1016. Let a = z + -560. What is the tens digit of a?
3
Let v be 13/((80/(-6264))/10). What is the units digit of 2*-1 - v/(63/7)?
9
Let v(y) = 715*y**2 + 60*y - 490. What is the hundreds digit of v(7)?
9
Let u = 88575 - 60640. What is the thousands digit of u?
7
Suppose 929 + 351 = -8*q. Let o = 797 + q. What is the units digit of o?
7
Suppose 0 = 9*s - 8509 - 6143. What is the thousands digit of s?
1
Let h be (-1 + -2)/(9/2)*-3. Let o be (0 - 111)/(-1 - h/4). Suppose 242 = o*b - 72*b. What is the hundreds digit of b?
1
Let p(d) = 416*d**2 + 11*d - 31. What is the hundreds digit of p(8)?
6
Let h = -17 + 41. Let m be h/4*(-2)/24*-2. What is the tens digit of (m - -3) + 100/2?
5
Suppose -2*w + 1996 = 4*o, 2*w - w + 5*o = 1004. Suppose 3*v - 2982 = j, -3*v + 4*j = -2*v - w. What is the units digit of v?
4
Let g(v) = v**3 - 7*v**2 + 12*v - 7. Let t be g(5). Suppose -t*b + 293 = 2*a, -2*a + 303 = b + 4*b. Suppose 0 = 5*y - 394 + a. What is the units digit of y?
1
Suppose 201*d = 161*d + 30570 + 24750. What is the units digit of d?
3
Let n = 152804 + -105434. What is the tens digit of n?
7
Let x = -1222 + 4841. What is the thousands digit of x?
3
Suppose -3*l - 35 = -4*d, -d + 2*l = -5*d + 10. What is the tens digit of 3/1 + (-607)/d*-5?
1
Suppose 3*m = 4*x - 5*x + 20, 4*m = x + 36. Suppose -4*a = -4*b + 16, -2*a - 6 = a. What is the tens digit of (108/m + 4)*b?
3
Let j = 22180 - 10848. What is the thousands digit of j?
1
Let a(z) = z**2 + 11*z + 12. Let p be a(-2). Let o(i) = -2*i**3 - 7*i**2 - 12*i - 5. What is the units digit of o(p)?
7
Suppose g = -10*g + 792. Suppose 0 = -2*s + 5*k + 26, -4*k - 1 = 5*s - 0*k. Suppose 2*n + g = s*n. What is the units digit of n?
2
Let f(b) = 25*b**2 - 320*b - 19. What is the thousands digit of f(-15)?
0
Suppose 475*y = 500*y - 144125. What is the thousands digit of y?
5
Let p = 142 + -80. Let a(v) = v**3 + v**2 + 3*v + 9. Let x be a(-4). Let m = p + x. What is the units digit of m?
1
Let r(j) = -7*j - 66. Let x(c) = -c**2 + 12*c - 31. Let t be x(10). What is the tens digit of r(t)?
1
Suppose 2*v = 3*s + 23258, v - 4*s = -3*v + 46524. What is the hundreds digit of v?
6
Suppose -2*r + 3*h = -6*r, -2*h - 11 = -r. Suppose -3*q + 471 = r*n, -2*n - 3*n + 825 = -3*q. Suppose 4*y = y + n. What is the units digit of y?
4
Suppose -448*l - 4638146 = 100*l - 13977162. What is the hundreds digit of l?
0
Let d = 368 - 380. What is the units digit of 5/(-20)*2 - 6402/d?
3
Let d = -130 - -132. Suppose -2*t - 116 = -5*t + 5*m, t - 36 =